c a composite number?
False
Suppose 24*z = 3863980 + 115454 + 1021374. Is z composite?
False
Suppose 4*p = 4*g - 216, 0 = -0*g + g + 3*p - 74. Let o = -56 + g. Suppose r = -4*r - o*w + 3223, -5*w - 667 = -r. Is r a prime number?
True
Let b = -7768 + 23001. Is b composite?
False
Let c(v) be the first derivative of -v**3/3 + 17*v**2 - 14*v + 19. Let a be c(26). Suppose 0 = -y + a - 27. Is y composite?
False
Suppose -16*y + 4*y + 290868 = 0. Suppose -8*i + y = -1673. Is i a prime number?
False
Suppose g = 5*o + 7614, -28*g - 5*o = -23*g - 38100. Is g a prime number?
False
Let x(h) = h + 48. Let m be x(-35). Let z(t) = 294*t - 61. Is z(m) composite?
False
Suppose 3*d - 734443 = 4*f, 5*f - 979247 = -425*d + 421*d. Is d prime?
True
Let o = -295 - -300. Suppose 1144 = o*s - 19741. Is s prime?
True
Let a be -3 + 1 - (-1314 + 1). Let y(k) = -16 - 26 - 1307*k + a*k + k**2. Is y(-11) a prime number?
False
Let n = 1927 + 283. Let b = n + -477. Is b composite?
False
Suppose -15*j + 1142641 + 524770 = 335846. Is j prime?
True
Let d(k) = 617*k**2 - 598*k - 16. Is d(-7) prime?
True
Is ((-770703)/(-8))/((-117)/(-2184)) prime?
False
Suppose u + 9*d = 11*d + 200223, 3*d + 1001129 = 5*u. Is u a composite number?
False
Let u = -14498 + 30180. Suppose -32292 = -34*q + u. Is q a prime number?
False
Let u be (44/77)/((-8)/(-92428)). Let a = u - -1817. Is a a prime number?
True
Suppose 5*v + 15364 = v. Let g = 22110 + v. Is g a composite number?
False
Let c = 29689 + -9402. Is c a composite number?
False
Suppose -8*q - 9 + 41 = 0. Suppose q*o = -1557 + 4393. Is o prime?
True
Let k be ((-40)/(-6))/((-4)/2010). Suppose -4315*p = -4306*p + 27. Is 2 - (-2 + (-2 - (p - k))) a composite number?
True
Suppose -51062 - 31476 + 13822 = -4*i. Is i prime?
False
Let u(y) = -42*y + 23. Suppose 8 - 20 = -3*i. Let a be ((-2)/(-3))/((-7)/(294/i)). Is u(a) a composite number?
False
Let p be ((-2)/((-2)/3))/(88 - 87). Suppose -17037 = -24*q - p*q. Is q prime?
True
Let j(t) = -3*t + 33. Let s be j(10). Suppose -s*h = -7 + 1. Suppose h*z - 254 = -0*z. Is z a composite number?
False
Let n be 6/10 - (-512)/80. Suppose q + 73325 = 3*f, -12 = n*q - 10*q. Is f composite?
False
Let o = 28 - 16. Suppose 3*d + d = o. Suppose 51 = d*y - 738. Is y composite?
False
Suppose 0 = -p - 3*v + 4619, -8*v + 11*v = 0. Is p prime?
False
Let b be (3/(9/75))/(1/1). Suppose -7 = p + 2*x, b = 3*p - 2*x + 6. Suppose 0*a - 1257 = -p*a. Is a a prime number?
True
Let j(b) = b**3 - 17*b**2 - 21*b + 45. Let d be j(18). Let r(g) = -4*g**3 + 4*g**2 + 2*g - 19. Is r(d) a composite number?
False
Let w(m) = 5986*m + 89. Let c be w(25). Suppose -29*n - 8770 = -c. Is n prime?
True
Let j(r) = -68*r + 223. Let v be j(5). Let b be (33*2)/(6/20). Let m = b + v. Is m a prime number?
True
Is (-194158074)/(-176) - 7/(224/(-4)) prime?
True
Let q be (-3)/18 + (-359)/6. Let f = q + 56. Is 3*((-5444)/3)/f a composite number?
False
Let m(d) = d**3 - 6*d**2 - 7*d + 5. Let s be m(7). Let z = -987 + 990. Suppose -s*u - z*l - 3314 + 25408 = 0, -22088 = -5*u - l. Is u prime?
False
Let q(l) = 1540*l**2 + 119*l + 596. Is q(-5) a prime number?
True
Let l(w) = -56*w - 41. Let s be l(18). Let x = -681 - s. Suppose 106 = 5*i - 3*b - 352, -4*b - x = -4*i. Is i composite?
True
Let m be 1 - 1675/1 - (-4)/2. Let c = m - -260. Is 1/((-4)/c)*1 composite?
False
Is 9/(-189)*3*-201859 composite?
False
Suppose 4*g - 70 = -6*g. Suppose 208 = g*o - 142. Suppose -q = -32 - o. Is q a composite number?
True
Suppose 6*m + 45233 = -63115. Is (-6 + (-11)/(-2))*m composite?
False
Suppose -2*f - 2*i + 14578 = -6*f, 0 = -f + 4*i - 3662. Let v = -2273 - f. Is v composite?
True
Suppose 4 - 6 = -y. Is y - (-67812)/44 - 4/22 prime?
True
Let i(h) = h**2 - 15*h + 40. Let k be i(12). Suppose 2*q - j + 9261 = 4*q, 5*q + k*j - 23157 = 0. Is q composite?
True
Let h be 16 + 0 + (-5 - 18/(-2)). Is 115/h + -6 + (-1482)/(-8) a prime number?
False
Suppose 3*i + 6*g - 5*g = 790, 540 = 2*i - 2*g. Let l = 276 + i. Is l a composite number?
False
Is 5*(-34097)/(-70)*10 prime?
False
Let r(n) = 3*n - 28. Suppose -5*l = -y - 43 + 2, -4*l + 24 = -3*y. Let w be r(l). Let g(p) = -809*p. Is g(w) a prime number?
True
Let n = -43 - -67. Let f be (1 + 4)*n/15. Suppose f*q = q + 8029. Is q prime?
False
Suppose 0 = -6*d + 10*d - 8. Suppose u = -d*u + 915. Let f = 774 - u. Is f a prime number?
False
Suppose 5*i = 13*i - 40. Suppose 5*n + 82264 - 255959 = 4*s, -i*s = 4*n - 138915. Is n a prime number?
False
Suppose 2*d = -34 + 252. Let f = 113 - d. Is (1 - (-4695)/6)*(f - 2) prime?
True
Let n(f) = -f**3 + 7*f**2 - 2*f - 10. Let x be n(7). Let m = x + 26. Suppose -m*v + 84 = 2*v. Is v prime?
False
Let g(s) = -232*s**3 - 3*s - 16 - 450*s**3 + 14 - 4*s**2. Let w be g(-2). Suppose -7*h - w = -11*h. Is h prime?
True
Let m(l) = -57*l - 17. Let y be m(-7). Let s be 1 + 334/(-4) - (-6)/4. Let g = y + s. Is g prime?
False
Suppose 4*q = 6*q - 26. Suppose q*k - 8*k = 45. Is (57/k)/(1/9) a composite number?
True
Let u be (-5)/(-2)*(-44)/(-55). Suppose 2*s = 3*i - u, -2*i + 4*i + s + 1 = 0. Suppose i = -17*n + 12*n + 13405. Is n a prime number?
False
Is (112821 - (-3 - 0/10)) + 7 composite?
False
Let k be -6 + ((-8)/1 - 0). Is 3408/7 + (-2)/k prime?
True
Let h = 32176 - 21353. Is h prime?
False
Let s = -10225 - 5229. Let u = -8895 - s. Is u a prime number?
False
Let y(l) = -l + 2. Let a(x) = 51*x - 35. Let m(c) = a(c) - 4*y(c). Is m(6) prime?
False
Let v = 414489 - 223492. Is v a composite number?
False
Let i = 8126 + 483. Is i a composite number?
False
Suppose -5 = -4*t + 3*t. Let n(o) = 10 - t - 3*o - 11*o + 11*o**2. Is n(7) prime?
False
Suppose 20241 = -21*x + 374532. Is x prime?
True
Is (-6)/11*1 + 57841527/759 a composite number?
False
Let j be (168/(-18))/(3/(-9)). Let n = j - 25. Suppose 0 = -4*y + 2*y - n*c + 1603, 0 = 3*c + 3. Is y a prime number?
False
Let x = 5975 - 2543. Let r = -1106 + x. Is r prime?
False
Let i = 435303 - 308186. Is i prime?
False
Suppose 6 = 10*j + 46. Is 914/((j - -4) + 2) prime?
True
Suppose 4*c - 3569 = -15089. Let w = 4465 + c. Is w a prime number?
False
Let s(u) = u**3 - 5*u**2 + 12*u - 1. Let o be s(4). Suppose 26*r + 51505 = o*r. Is r composite?
False
Let a(h) = 22 + 512*h + 30 + 25. Is a(9) prime?
False
Let i(y) = 49466*y + 57. Is i(1) a prime number?
True
Let s(x) = 20*x + 238. Let t be s(-12). Is 1/(((-2)/62683)/t) a composite number?
False
Is (885/(-35) - -25) + (-143126)/(-14) a composite number?
False
Let p = 121145 - 71098. Is p prime?
True
Let d(q) = 5*q + 23. Let a(i) = -2*i**2 - 14*i - 5. Let b be a(-7). Let m be d(b). Is 31626/98 - m/7 prime?
False
Let z = 33617 + -23693. Let b = 4021 + z. Is b prime?
False
Let a = 96 + 17. Suppose -a*h + 83*h + 717630 = 0. Is h prime?
False
Let f be (2*2/(-6))/((-24)/(-108)). Let p be (-5 + 14175/20)*(f - 1). Let u = p + 3966. Is u prime?
True
Let b be (6/(-4) - -1)/((-3)/(-12)). Let t be 18/8 + b + (-21777)/68. Let r = 327 - t. Is r composite?
False
Let n(r) be the second derivative of 56*r**3/3 - 57*r**2/2 - 12*r. Is n(8) a prime number?
True
Let w be 30 + -34 - 11*-2. Let x(l) be the third derivative of -l**6/120 + 7*l**5/20 - 29*l**3/6 + 3*l**2. Is x(w) prime?
False
Let j(f) = -7*f**3 - f**2 - 5*f + 1. Let h be j(-2). Let d = -75 + h. Is (-10365)/(-9) - (-8)/d composite?
False
Let l(i) = -10*i + 0*i**2 - 13 + 4*i**2 + 8 + 6. Let j be ((-2)/1)/((-12)/48). Is l(j) a composite number?
True
Suppose -o + 2 - 4 = 0, -5*p - 3*o + 18474 = 0. Suppose -7630 = -2*c + p. Is c composite?
True
Suppose 47793105 - 123929846 = -89*a. Is a prime?
False
Let u = 103553 + -147751. Let m = -22383 - u. Is m a composite number?
True
Suppose -126*k = -69*k - 36383727. Is k a composite number?
True
Suppose 325*p = 57917974 + 18508051. Is p prime?
False
Let o(v) = -4*v**2 + 2*v**2 + 2*v**2 - v**2 + 4*v. Let l be o(3). Let t(p) = 210*p - 7. Is t(l) a composite number?
True
Let x be (-2 - -3)/1 - (-1 - 23578). Suppose -w - 4725 = -a + w, -x = -5*a - 5*w. Suppose a = 6*i + 1221. Is i prime?
False
Suppose 2*y - 231099 = 5*z, -664*z + 666*z = -3*y + 346639. Is y a composite number?
False
Suppose -n - 4*w = -5*n - 5120, -2548 = 2*n + 2*w. Suppose 4*b + 0*b + 2440 = 0. Let x = b - n. Is x composite?
True
Let t = 488 - 488. Suppose 5*z + i - 5492 - 2792 = 